 825?
True
Is 4 a factor of 308?
True
Is 4248 a multiple of 59?
True
Is 2451 a multiple of 57?
True
Is 4302 a multiple of 72?
False
Is 12 a factor of 9612?
True
Is 5 a factor of 40?
True
Is 43979 a multiple of 6?
False
Does 40 divide 738?
False
Is 13 a factor of 16549?
True
Is 128 a factor of 5296?
False
Does 5 divide 209?
False
Is 8670 a multiple of 9?
False
Is 152 a multiple of 59?
False
Does 6 divide 878?
False
Is 6530 a multiple of 91?
False
Does 28 divide 19883?
False
Does 8 divide 1872?
True
Is 31 a factor of 310?
True
Does 36 divide 16992?
True
Is 15 a factor of 13082?
False
Is 609 a multiple of 29?
True
Is 12 a factor of 62124?
True
Is 264 a multiple of 24?
True
Is 74 a factor of 1467?
False
Does 9 divide 9?
True
Is 10 a factor of 3048?
False
Does 7 divide 105?
True
Is 124 a factor of 15996?
True
Is 2 a factor of 244?
True
Does 120 divide 2786?
False
Is 7211 a multiple of 57?
False
Is 5103 a multiple of 21?
True
Is 12138 a multiple of 119?
True
Is 5320 a multiple of 28?
True
Is 21 a factor of 4395?
False
Does 31 divide 1643?
True
Does 10 divide 180?
True
Is 16 a factor of 39124?
False
Does 14 divide 34772?
False
Is 27 a factor of 15552?
True
Is 20 a factor of 30720?
True
Is 31 a factor of 4250?
False
Does 19 divide 1504?
False
Is 2340 a multiple of 26?
True
Does 227 divide 175471?
True
Is 6425 a multiple of 63?
False
Is 2120 a multiple of 106?
True
Is 329 a multiple of 28?
False
Does 55 divide 13475?
True
Is 94 a factor of 8930?
True
Is 15 a factor of 1628?
False
Does 6 divide 543?
False
Is 40 a factor of 2317?
False
Is 73955 a multiple of 44?
False
Is 17 a factor of 2533?
True
Is 4 a factor of 268?
True
Is 5 a factor of 93?
False
Is 15 a factor of 2177?
False
Is 30766 a multiple of 9?
False
Is 24 a factor of 17184?
True
Is 63 a factor of 115133?
False
Does 32 divide 2336?
True
Is 11 a factor of 3934?
False
Is 16509 a multiple of 4?
False
Is 14 a factor of 658?
True
Is 6935 a multiple of 95?
True
Does 3 divide 14649?
True
Is 17 a factor of 887?
False
Is 3015 a multiple of 45?
True
Does 58 divide 1550?
False
Is 103 a factor of 2884?
True
Is 529 a multiple of 90?
False
Is 38 a factor of 23636?
True
Is 14 a factor of 938?
True
Is 12 a factor of 792?
True
Is 41 a factor of 275?
False
Is 93 a factor of 8742?
True
Is 15040 a multiple of 16?
True
Does 85 divide 8075?
True
Does 15 divide 3957?
False
Is 6 a factor of 2160?
True
Is 3840 a multiple of 15?
True
Does 33 divide 6996?
True
Is 45456 a multiple of 22?
False
Is 99 a factor of 49935?
False
Is 17 a factor of 12858?
False
Does 20 divide 2360?
True
Does 167 divide 16194?
False
Is 9 a factor of 30519?
True
Is 60 a factor of 487?
False
Is 16 a factor of 879?
False
Is 888 a multiple of 11?
False
Is 11 a factor of 7194?
True
Is 9 a factor of 3136?
False
Does 151 divide 40770?
True
Is 2 a factor of 193?
False
Does 3 divide 852?
True
Is 10 a factor of 3395?
False
Is 2 a factor of 477?
False
Does 4 divide 24078?
False
Is 98005 a multiple of 241?
False
Is 20 a factor of 709?
False
Is 17085 a multiple of 17?
True
Is 60426 a multiple of 73?
False
Is 495 a multiple of 9?
True
Is 6720 a multiple of 40?
True
Is 265 a factor of 11395?
True
Is 639 a multiple of 30?
False
Does 25 divide 150?
True
Is 1160 a multiple of 4?
True
Is 5518 a multiple of 31?
True
Is 30 a factor of 1822?
False
Does 5 divide 947?
False
Is 5241 a multiple of 54?
False
Does 10 divide 1107?
False
Does 77 divide 178?
False
Is 2430 a multiple of 3?
True
Is 14 a factor of 2800?
True
Is 11 a factor of 8201?
False
Is 141 a factor of 11385?
False
Is 7 a factor of 7763?
True
Does 29 divide 53771?
False
Does 37 divide 613?
False
Is 344 a factor of 5160?
True
Is 14 a factor of 1054?
False
Is 373 a multiple of 9?
False
Is 20 a factor of 613?
False
Is 66 a factor of 7392?
True
Is 34 even?
True
Is 13 a factor of 1755?
True
Does 24 divide 8616?
True
Is 888 a multiple of 8?
True
Is 1457 a multiple of 158?
False
Does 10 divide 19224?
False
Is 1707 a multiple of 7?
False
Is 5 a factor of 1827?
False
Does 37 divide 1776?
True
Is 6 a factor of 2838?
True
Is 48 a multiple of 16?
True
Does 56 divide 1336?
False
Is 9 a factor of 2750?
False
Is 51936 a multiple of 32?
True
Does 43 divide 77142?
True
Is 2190 even?
True
Is 5 a factor of 22145?
True
Is 902 a multiple of 11?
True
Is 104 a factor of 1216?
False
Is 3225 a multiple of 131?
False
Does 2 divide 202?
True
Is 305 a multiple of 5?
True
Is 13 a factor of 104?
True
Is 4 a factor of 233?
False
Is 8 a factor of 896?
True
Is 28716 a multiple of 12?
True
Does 23 divide 667?
True
Does 69 divide 1469?
False
Is 10 a factor of 20?
True
Is 8 a factor of 301?
False
Does 6 divide 192?
True
Does 49 divide 48348?
False
Is 19 a factor of 475?
True
Is 25 even?
False
Is 4746 a multiple of 61?
False
Is 376 a multiple of 50?
False
Is 5 a factor of 800?
True
Is 30 a factor of 33291?
False
Does 14 divide 6196?
False
Is 40 a multiple of 8?
True
Is 231 a multiple of 21?
True
Is 23 a factor of 2254?
True
Is 5 a factor of 12285?
True
Does 6 divide 2610?
True
Is 18 a factor of 14184?
True
Is 1830 a multiple of 30?
True
Does 30 divide 578?
False
Does 17 divide 306?
True
Is 27 a factor of 10771?
False
Does 8 divide 3856?
True
Is 44 a factor of 10761?
False
Does 27 divide 42445?
False
Is 23 a factor of 207?
True
Does 7 divide 119?
True
Is 11 a factor of 30?
False
Does 124 divide 4960?
True
Does 181 divide 1368?
False
Is 2112 a multiple of 33?
True
Is 14 a factor of 1106?
True
Is 728 a multiple of 3?
False
Is 2368 a multiple of 23?
False
Is 9 a factor of 58707?
True
Does 22 divide 7084?
True
Does 30 divide 1003?
False
Is 771 a multiple of 8?
False
Is 9 a factor of 1062?
True
Is 1787 a multiple of 14?
False
Is 18 a factor of 25670?
False
Does 13 divide 143?
True
Is 35567 a multiple of 3?
False
Does 41 divide 213?
False
Is 104 a factor of 1560?
True
Is 61 a factor of 32019?
False
Does 3 divide 408?
True
Is 13 a factor of 3237?
True
Is 2787 a multiple of 51?
False
Is 1937 a multiple of 5?
False
Is 25 a factor of 6475?
True
Is 215 a multiple of 43?
True
Is 36 a factor of 360?
True
Is 19 a factor of 543?
False
Is 796 a multiple of 41?
False
Is 70 a factor of 24564?
False
Is 7308 a multiple of 21?
True
Is 441 a multiple of 7?
True
Is 24 a factor of 312?
True
Does 18 divide 10890?
True
Is 19 a factor of 3553?
True
Is 250 a factor of 54750?
True
Is 16 a factor of 624?
True
Is 210 a multiple of 10?
True
Is 13500 a multiple of 27?
True
Does 2 divide 752?
True
Is 19 a factor of 323?
True
Does 12 divide 2763?
False
Is 2691 a multiple of 31?
False
Is 5 a factor of 2790?
True
Does 16 divide 272?
True
Does 24 divide 1224?
True
Is 46 a factor of 20481?
False
Does 78 divide 2028?
True
Is 8 a factor of 20445?
False
Does 378 divide 44226?
True
Is 4 a factor of 350?
False
Is 69 a factor of 8880?
False
Does 11 divide 1787?
False
Is 5 a factor of 1117?
False
Does 11 divide 2739?
True
Is 15 a factor of 82200?
True
Is 16 a factor of 416?
True
Does 259 divide 45082?
False
Is 1810 a multiple of 5?
True
Is 2605 a multiple of 35?
False
Is 231 a multiple of 11?
True
Does 3 divide 1912?
False
Is 38 a factor of 58620?
False
Is 526 a multiple of 12?
False
Does 8 divide 960?
True
Is 4 a factor of 525?
False
Is 14 a factor of 7098?
True
Is 149 a factor of 2633?
False
Is 501 even?
False
Is 28710 a multiple of 87?
True
Is 735 a multiple of 49?
True
Is 2676 a multiple of 12?
True
Is 7 a factor of 3997?
True
Does 16 divide 299?
False
Is 1104 a multiple of 19?
False
Is 1742 a multiple of 19?
False
Is 2024 a multiple of 44?
True
Is 2990 a multiple of 6?
False
Is 13 a factor of 1086?
False
Is 36 a factor of 51228?
True
Does 12 divide 33864?
True
Does 159 divide 10715?
False
Is 7 a factor of 722?
False
Is 2898 a multiple of 22?
False
Is 30 a factor of 990?
True
Is 9278 a multiple of 118?
False
Is 816 a multiple of 51?
True
Is 7 a factor of 7409?
False
Does 11 divide 132?
True
Does 10 divide 858?
False
Is 16 a factor of 448?
True
Is 18 a factor of 10432?
False
Does 4 divide 685?
False
Is 5652 a multiple of 12?
True
Is 14862 a multiple of 6?
True
Does 12 divide 24?
True
Is 15 a factor of 1213?
False
Is 9 a factor of 855?
True
Is 147 a factor of 8375?
False
Does 27 divide 81?
True
Does 11 divide 1048?
False
Is 1045 a multiple of 11?
True
Is 447 a multiple of 13?
False
Is